{"id":11,"date":"2022-11-03T13:47:51","date_gmt":"2022-11-03T12:47:51","guid":{"rendered":"http:\/\/www.hanna-dunkel.de\/blog\/?page_id=11"},"modified":"2025-02-12T14:54:55","modified_gmt":"2025-02-12T13:54:55","slug":"wer-bin-ich-als-schreibende","status":"publish","type":"page","link":"https:\/\/www.hanna-dunkel.de\/blog\/?page_id=11","title":{"rendered":"Wer bin ich &#8211; als Schreibende"},"content":{"rendered":"<p><img loading=\"lazy\" decoding=\"async\" class=\"alignright size-full wp-image-21\" src=\"https:\/\/www.hanna-dunkel.de\/blog\/wp-content\/uploads\/2018\/02\/grafik-kontakt.gif\" alt=\"\" width=\"194\" height=\"300\" \/>Hamburg ist meine Heimatstadt, aber viel l\u00e4nger lebe ich in Kriftel am Taunus.<br \/>\nMeine erste Ver\u00f6ffentlichung war der Radwanderf\u00fchrer Taunus\/Wetterau. Er erschien 1992 im Deutschen Wanderverlag, eine zweite \u00fcberarbeitete Auflage 1995.<br \/>\nDann begann ich M\u00e4rchen und Kurzgeschichten zu schreiben. Einige sind in verschiedenen Anthologien erschienen.<\/p>\n<p>M\u00e4rchen und Geschichten schreibe ich, lasse mich in der Autorengruppe anregen, oder finde meine Themen unterwegs. Manchmal wird daraus eine Kindergeschichte, ein anderes Mal ergibt es eine Dokumentation \u00fcber einen Mord, der 1922 geschehen ist. Das Schreiben bleibt spannend f\u00fcr mich.<\/p>\n<p>Ich komme aus einem Elternhaus, in dem gerne erz\u00e4hlt und gelesen wurde. Vor allem mein Vater liebte lustige Geschichten. Als Kinder dachten meine Schwester und ich uns M\u00e4rchen aus. Doch nach der Mittleren Reife wurde ich Postbeamtin, heiratete, bekam zwei Kinder und schrieb nur Briefe und Tageb\u00fccher. Meine Fantasie verdampfte beim Kochen, Waschen, B\u00fcgeln und anderen notwendigen Arbeiten.<\/p>\n<p>Vielleicht hat mir doch ein kleines Fabulier-Gen geholfen, mit vierzig Jahren (so sp\u00e4t!) ein Fernstudium f\u00fcrs Schreiben zu beginnen und nicht wieder als Postbeamtin an meiner Karriere zu arbeiten.\u00a0<a href=\"http:\/\/www.hanna-dunkel.de\/blog\/?page_id=15\">Albert Branchart<\/a>\u00a0ist ein Ururgro\u00dfonkel m\u00fctterlicherseits, (geb. 1813) dem der Verein &#8222;\u00d6cher Platt &#8220; ein Denkmal in Aachen gesetzt hat, weil seine humorvollen Gedichte heute noch gesch\u00e4tzt werden. Meine Mutter, Josephine F\u00fcrstenau geb. Kronen\u00a0(1918 \u2013 2017) hat einige seiner Gedichte ins Hochdeutsche \u00fcbersetzt, damit man als Nicht-Aachener wenigstens den Inhalt verstehen kann.<\/p>\n<p>Hier finden Sie eine Liste meiner Ver\u00f6ffentlichungen:<\/p>\n<p>1996 &#8222;Der wei\u00dfe und der schwarze Prinz&#8220; CHALIM-Verlag, St. Gallen.<br \/>\n1999 &#8222;Eine himmlische Windfahne&#8220; Rowohlt Taschenbuch Verlag, Weihnachtsgeschichten am Kamin 14.<br \/>\n2001 &#8222;Eine von diesen &#8230;&#8220; Geest-Verlag, Die Spur des Gauklers in den blauen Mond.<br \/>\n2002 &#8222;Haben und Soll&#8220; VirPrivVerlag, MORAL.<br \/>\n2003 Zwei Gedichte, Geest-Verlag, Ein leises Du.<br \/>\n2004 &#8222;Seelachs ged\u00fcnstet&#8220;, Leda-Verlag, Flossen h\u00f6her.<\/p>\n<p>2009 In der Anthologie &#8222;Unsere Ems&#8220; erschien: &#8222;Eine au\u00dferordentliche Mitgliederversammlung&#8220;.<\/p>\n<p>2016 In der Anthologie der Autorengruppe Kelkheim &#8222;Flucht&#8220;, Der Staatsfeind und Heimaterde.<\/p>\n<p>In &#8222;Kelkheim schreibt ein Buch&#8220;, Haus Mainblick.<\/p>\n<p>2017 In der Anthologie der Autorengruppe Kelkheim &#8222;Elf spitze Federn&#8220; drei M\u00e4rchen enthalten.<\/p>\n<p>2019 In der Anthologie &#8222;Reisen Essen Schreiben&#8220; der Hamburger Autorenvereinigung, Vom K\u00f6nig, der gerne hungern wollte.<\/p>\n<p>2021 In der Anthologie &#8222;Bleiben Sie negativ&#8220; der Hamburger Autorenvereinigung, Pippis siebzigster Geburtstag<\/p>\n<p>2021 In der Anthologie &#8222;Meeresleuchten und frische Brise&#8220;<\/p>\n<p>von Nordbuch e.V. erschien: Der erste Ostseet\u00f6rn<\/p>\n<p>2022 In der Anthologie der Gruppe 48 &#8222;Das Wort ergreifen&#8220;, Geschichten von Mitgliedern erschien Anna, in der Anthologie zum Literaturwettbewerb &#8222;Wunderwerk Text&#8220;, Wolf und Rotk\u00e4ppchen, kein M\u00e4rchen<\/p>\n<p>2023 In der Anthologie der Gruppe 48, Lyrisches von Mitgliedern &#8222;Die Welt erschreiben&#8220;, sind 5 Gedichte enthalten<\/p>\n<p>2023 In der Anthologie &#8222;Alles Liebe?&#8220; von NordBuch e.V. erschienen zwei M\u00e4rchen: Der Pechvogel und Taraxacum und die Zauberblume<\/p>\n<p>2024 In der Anthologie der Gruppe 48 &#8222;Das Leben wagen \u2013 die Zeit befragen&#8220; erschien Leben und Liebe in Zeiten des Krieges<\/p>\n<p>Im Kalender der Hamburger Autorenvereinigung erschienen 2024 und 2025 zwei kurze Geschichten und zwei Gedichte<\/p>\n<p>Eigenst\u00e4ndige Werke:<br \/>\n2001 kam das M\u00e4rchenbuch &#8222;Von der K\u00f6nigin, die behaglich Tee zu trinken w\u00fcnschte&#8220; im Leda-Verlag, Leer heraus. Ronny Willersinn fertigte dazu Scherenschnitte an, die hier auch meine Seiten verzieren.<\/p>\n<p>2007 wurde der Adventskalender &#8222;Waldwichtel Vladimir&#8220; von den Sch\u00fclerinnen und Sch\u00fclern der Max-von-Gagern-Schule in Kelkheim\/Ts. illustriert und als kleines Buch f\u00fcr die Arbeit des F\u00f6rdervereins verkauft.<\/p>\n<p>2010 kam der Kriminalroman &#8222;Mordsache Ulsnis&#8220; im Leda-Verlag, Leer heraus.<\/p>\n<p>2017 erschien der Historische Roman &#8222;Sommervogel&#8220; im Leda-Verlag, Leer.<\/p>\n<p>2025 erschien im VerlagRalfLiebe, Weilerswist &#8222;Dodo&#8220;.<\/p>\n<p>Seit 1995 bin ich Mitglied der Kelkheimer Autorengruppe, 1997 wurde ich Mitglied in der Literaturgesellschaft Hessen (LIT) e.V. und war aktiv im Vorstand als Schatzmeisterin t\u00e4tig (bis 02\/2013).<br \/>\nSeit 2007 bin ich Mitglied im Schriftstellerverband (VS), ausgetreten 2022, seit 2018 Mitglied der Hamburger Autorenvereinigung.<\/p>\n<p>Bei NordBuch e.V. bin ich seit 2019 Mitglied, und in der Gruppe 48 seit 2022.<\/p>\n<p>F\u00fcr das Kulturforum Kriftel organisiere ich mit viel Freude seit 2008 die Leseb\u00fchne Kriftel.<\/p>\n","protected":false},"excerpt":{"rendered":"<p>Hamburg ist meine Heimatstadt, aber viel l\u00e4nger lebe ich in Kriftel am Taunus. Meine erste Ver\u00f6ffentlichung war der Radwanderf\u00fchrer Taunus\/Wetterau. &hellip;<\/p>\n","protected":false},"author":2,"featured_media":0,"parent":0,"menu_order":1,"comment_status":"closed","ping_status":"closed","template":"","meta":{"footnotes":""},"class_list":["post-11","page","type-page","status-publish","hentry"],"_links":{"self":[{"href":"https:\/\/www.hanna-dunkel.de\/blog\/index.php?rest_route=\/wp\/v2\/pages\/11","targetHints":{"allow":["GET"]}}],"collection":[{"href":"https:\/\/www.hanna-dunkel.de\/blog\/index.php?rest_route=\/wp\/v2\/pages"}],"about":[{"href":"https:\/\/www.hanna-dunkel.de\/blog\/index.php?rest_route=\/wp\/v2\/types\/page"}],"author":[{"embeddable":true,"href":"https:\/\/www.hanna-dunkel.de\/blog\/index.php?rest_route=\/wp\/v2\/users\/2"}],"replies":[{"embeddable":true,"href":"https:\/\/www.hanna-dunkel.de\/blog\/index.php?rest_route=%2Fwp%2Fv2%2Fcomments&post=11"}],"version-history":[{"count":21,"href":"https:\/\/www.hanna-dunkel.de\/blog\/index.php?rest_route=\/wp\/v2\/pages\/11\/revisions"}],"predecessor-version":[{"id":5809,"href":"https:\/\/www.hanna-dunkel.de\/blog\/index.php?rest_route=\/wp\/v2\/pages\/11\/revisions\/5809"}],"wp:attachment":[{"href":"https:\/\/www.hanna-dunkel.de\/blog\/index.php?rest_route=%2Fwp%2Fv2%2Fmedia&parent=11"}],"curies":[{"name":"wp","href":"https:\/\/api.w.org\/{rel}","templated":true}]}}

<p><img loading="lazy" decoding="async" class="alignright size-full wp-image-21" src="https://www.hanna-dunkel.de/blog/wp-content/uploads/2018/02/grafik-kontakt.gif" alt="" width="194" height="300" />Hamburg ist meine Heimatstadt, aber viel länger lebe ich in Kriftel am Taunus.<br />
Meine erste Veröffentlichung war der Radwanderführer Taunus/Wetterau. Er erschien 1992 im Deutschen Wanderverlag, eine zweite überarbeitete Auflage 1995.<br />
Dann begann ich Märchen und Kurzgeschichten zu schreiben. Einige sind in verschiedenen Anthologien erschienen.</p>
<p>Märchen und Geschichten schreibe ich, lasse mich in der Autorengruppe anregen, oder finde meine Themen unterwegs. Manchmal wird daraus eine Kindergeschichte, ein anderes Mal ergibt es eine Dokumentation über einen Mord, der 1922 geschehen ist. Das Schreiben bleibt spannend für mich.</p>
<p>Ich komme aus einem Elternhaus, in dem gerne erzählt und gelesen wurde. Vor allem mein Vater liebte lustige Geschichten. Als Kinder dachten meine Schwester und ich uns Märchen aus. Doch nach der Mittleren Reife wurde ich Postbeamtin, heiratete, bekam zwei Kinder und schrieb nur Briefe und Tagebücher. Meine Fantasie verdampfte beim Kochen, Waschen, Bügeln und anderen notwendigen Arbeiten.</p>
<p>Vielleicht hat mir doch ein kleines Fabulier-Gen geholfen, mit vierzig Jahren (so spät!) ein Fernstudium fürs Schreiben zu beginnen und nicht wieder als Postbeamtin an meiner Karriere zu arbeiten. <a href="http://www.hanna-dunkel.de/blog/?page_id=15">Albert Branchart</a> ist ein Ururgroßonkel mütterlicherseits, (geb. 1813) dem der Verein &#8222;Öcher Platt &#8220; ein Denkmal in Aachen gesetzt hat, weil seine humorvollen Gedichte heute noch geschätzt werden. Meine Mutter, Josephine Fürstenau geb. Kronen (1918 – 2017) hat einige seiner Gedichte ins Hochdeutsche übersetzt, damit man als Nicht-Aachener wenigstens den Inhalt verstehen kann.</p>
<p>Hier finden Sie eine Liste meiner Veröffentlichungen:</p>
<p>1996 &#8222;Der weiße und der schwarze Prinz&#8220; CHALIM-Verlag, St. Gallen.<br />
1999 &#8222;Eine himmlische Windfahne&#8220; Rowohlt Taschenbuch Verlag, Weihnachtsgeschichten am Kamin 14.<br />
2001 &#8222;Eine von diesen &#8230;&#8220; Geest-Verlag, Die Spur des Gauklers in den blauen Mond.<br />
2002 &#8222;Haben und Soll&#8220; VirPrivVerlag, MORAL.<br />
2003 Zwei Gedichte, Geest-Verlag, Ein leises Du.<br />
2004 &#8222;Seelachs gedünstet&#8220;, Leda-Verlag, Flossen höher.</p>
<p>2009 In der Anthologie &#8222;Unsere Ems&#8220; erschien: &#8222;Eine außerordentliche Mitgliederversammlung&#8220;.</p>
<p>2016 In der Anthologie der Autorengruppe Kelkheim &#8222;Flucht&#8220;, Der Staatsfeind und Heimaterde.</p>
<p>In &#8222;Kelkheim schreibt ein Buch&#8220;, Haus Mainblick.</p>
<p>2017 In der Anthologie der Autorengruppe Kelkheim &#8222;Elf spitze Federn&#8220; drei Märchen enthalten.</p>
<p>2019 In der Anthologie &#8222;Reisen Essen Schreiben&#8220; der Hamburger Autorenvereinigung, Vom König, der gerne hungern wollte.</p>
<p>2021 In der Anthologie &#8222;Bleiben Sie negativ&#8220; der Hamburger Autorenvereinigung, Pippis siebzigster Geburtstag</p>
<p>2021 In der Anthologie &#8222;Meeresleuchten und frische Brise&#8220;</p>
<p>von Nordbuch e.V. erschien: Der erste Ostseetörn</p>
<p>2022 In der Anthologie der Gruppe 48 &#8222;Das Wort ergreifen&#8220;, Geschichten von Mitgliedern erschien Anna, in der Anthologie zum Literaturwettbewerb &#8222;Wunderwerk Text&#8220;, Wolf und Rotkäppchen, kein Märchen</p>
<p>2023 In der Anthologie der Gruppe 48, Lyrisches von Mitgliedern &#8222;Die Welt erschreiben&#8220;, sind 5 Gedichte enthalten</p>
<p>2023 In der Anthologie &#8222;Alles Liebe?&#8220; von NordBuch e.V. erschienen zwei Märchen: Der Pechvogel und Taraxacum und die Zauberblume</p>
<p>2024 In der Anthologie der Gruppe 48 &#8222;Das Leben wagen – die Zeit befragen&#8220; erschien Leben und Liebe in Zeiten des Krieges</p>
<p>Im Kalender der Hamburger Autorenvereinigung erschienen 2024 und 2025 zwei kurze Geschichten und zwei Gedichte</p>
<p>Eigenständige Werke:<br />
2001 kam das Märchenbuch &#8222;Von der Königin, die behaglich Tee zu trinken wünschte&#8220; im Leda-Verlag, Leer heraus. Ronny Willersinn fertigte dazu Scherenschnitte an, die hier auch meine Seiten verzieren.</p>
<p>2007 wurde der Adventskalender &#8222;Waldwichtel Vladimir&#8220; von den Schülerinnen und Schülern der Max-von-Gagern-Schule in Kelkheim/Ts. illustriert und als kleines Buch für die Arbeit des Fördervereins verkauft.</p>
<p>2010 kam der Kriminalroman &#8222;Mordsache Ulsnis&#8220; im Leda-Verlag, Leer heraus.</p>
<p>2017 erschien der Historische Roman &#8222;Sommervogel&#8220; im Leda-Verlag, Leer.</p>
<p>2025 erschien im VerlagRalfLiebe, Weilerswist &#8222;Dodo&#8220;.</p>
<p>Seit 1995 bin ich Mitglied der Kelkheimer Autorengruppe, 1997 wurde ich Mitglied in der Literaturgesellschaft Hessen (LIT) e.V. und war aktiv im Vorstand als Schatzmeisterin tätig (bis 02/2013).<br />
Seit 2007 bin ich Mitglied im Schriftstellerverband (VS), ausgetreten 2022, seit 2018 Mitglied der Hamburger Autorenvereinigung.</p>
<p>Bei NordBuch e.V. bin ich seit 2019 Mitglied, und in der Gruppe 48 seit 2022.</p>
<p>Für das Kulturforum Kriftel organisiere ich mit viel Freude seit 2008 die Lesebühne Kriftel.</p>

<p>Hamburg ist meine Heimatstadt, aber viel länger lebe ich in Kriftel am Taunus. Meine erste Veröffentlichung war der Radwanderführer Taunus/Wetterau. &hellip;</p>
